 15*v. Suppose l - 3*l = -98. Suppose -v*a + l = -67. What is the highest common divisor of 29 and a?
29
Suppose 0*t = -t - 4*c + 92, 3*t - 290 = 2*c. What is the highest common divisor of t and 264?
24
Let q(k) = -k**3 - 28*k**2 - 81*k + 22. Let l be q(-25). Calculate the highest common factor of l and 4.
4
Let q(f) = -11*f - 354. Let u be q(-36). What is the highest common divisor of 777 and u?
21
Suppose -6*m + 8*m - 456 = 4*t, -4*m - 3*t + 912 = 0. What is the highest common divisor of 19 and m?
19
Let c = -13 - -15. Let x be ((-104)/(-13))/(c*-1). Let f(h) = -4*h - 6. Let v be f(x). What is the highest common factor of v and 100?
10
Let m(h) = h**3 - h**2 + 5. Let f be m(0). Let b be 6 - (-3 - 7)/f. Calculate the highest common factor of 6 and b.
2
Suppose -19 = w + 5*a, -2*a + 4*a + 10 = 0. Let c be ((-3)/w*3)/(5/(-100)). What is the highest common factor of 10 and c?
10
Let m be 1*(5 + -1)/4. Let s be m/((-3)/96*-4). What is the highest common divisor of s and 1?
1
Suppose 3*b + 4*w - 2188 = 5*w, 2*w = 2*b - 1464. What is the highest common factor of b and 56?
56
Let q(p) = 71*p**2 + 8*p + 8. Let l be q(2). Calculate the highest common factor of l and 56.
28
Suppose 5*g - 1018 = -2*r - r, 2*r = -4*g + 814. Calculate the highest common divisor of 58 and g.
29
Let s = -602 - -1114. Suppose -179 + s = 9*r. Calculate the highest common divisor of 148 and r.
37
Let m(a) be the second derivative of -a**5/20 - a**4/12 - 5*a**3/3 - 5*a**2 + 19*a. Let w be m(-5). Calculate the highest common factor of 20 and w.
20
Let q be -105 + 109 - (-59 - 0/(-2)). Calculate the highest common factor of q and 42.
21
Suppose 0 = -3*w - 2*w + 25. Suppose 4*j = 9*j - 3*a - 37, 0 = -2*j - 3*a - 2. Calculate the highest common divisor of j and w.
5
Let t(v) = v**3 + 5*v**2 - 3*v + 2. Let b be t(3). Let c = -534 - -547. What is the highest common divisor of b and c?
13
Suppose 0 = -2*p + 30*p - 560. Calculate the highest common divisor of p and 12.
4
Suppose -r = -4*r. Let a = 31 - r. Suppose 0 = -3*q + d + 12, 5*q + d - a = -d. Calculate the highest common divisor of q and 5.
5
Let d = -13 - -20. Let m(n) = 12*n - 30. Let p be m(d). Calculate the greatest common factor of p and 135.
27
Let f = 2 - 2. Let m be (f - 1)*0 + 11. Let k = -6816 + 6827. What is the highest common factor of k and m?
11
Suppose 2*y - 12*y + 150 = 0. Let g be (175*1 - 1) + 0. Suppose 2*n = -n - 2*f + g, 2*n - 5*f - 135 = 0. What is the highest common factor of n and y?
15
Suppose -5*y + 3 + 3 = -3*d, 4*y - 8 = 4*d. Let a be d/(-3) + 8/(-12). Let u be (0 - a) + 24 + -7. What is the highest common factor of 119 and u?
17
Let p be (10 - (-20)/(-10))*2. Let c be 50/8 - 2/8. Let b = c + 10. What is the highest common divisor of p and b?
16
Suppose -300*k + 80 = -295*k. Let g be 6/(-1 - (-7)/5). Let w = g + 25. What is the greatest common factor of k and w?
8
Suppose -33*x + 226 = -599. What is the highest common divisor of x and 20?
5
Let t be ((-3)/(9/66))/(-2). Let m be (1 - 1) + t*3. Let v = 334 - 331. Calculate the greatest common factor of v and m.
3
Let p = 183 + -169. Calculate the greatest common divisor of 119 and p.
7
Suppose -5*a = -4*w + 11, -w + 0*w + 8 = 4*a. Let u be 44/12 + w/(-6). Let q be u*1 - (-4 + 1). Calculate the greatest common divisor of 66 and q.
6
Let c be (-81)/(-12) - (-2)/8. What is the greatest common factor of c and 28?
7
Let r be 2/9 + (-104)/(-18). Let k = 63 + -57. Suppose -4*o + 46 = f, 4 + k = o + f. What is the highest common factor of r and o?
6
Suppose 3*n + 2*n + 4*f - 2061 = 0, 0 = 5*n - 4*f - 2069. What is the greatest common divisor of 7 and n?
7
Let w(v) = 3*v - 1. Let o(b) = -13*b + 5. Let z(g) = -2*o(g) - 9*w(g). Let m be z(-2). What is the greatest common divisor of 3 and m?
1
Let c = 2137 - 2119. Calculate the greatest common factor of 882 and c.
18
Suppose -2*h + 9 = -2*v - 111, -2*h + 141 = 5*v. Let r be -4*(2 - 1)*11. Let k = r + h. Calculate the greatest common divisor of 133 and k.
19
Suppose -5*f + 3*x = -85, f + x - 17 = 5*x. Suppose -k = -f + 15. What is the greatest common divisor of 6 and k?
2
Let x(a) = -7*a**3 + 4*a**2 + 4*a - 2. Let w be x(-2). What is the greatest common divisor of w and 93?
31
Let v be ((-4)/(-7) - 1) + (-1387)/(-133). Let u be 1*v - (-5 + 0). Calculate the highest common factor of 12 and u.
3
Suppose 82*h = 71*h + 1122. Calculate the greatest common divisor of 238 and h.
34
Let g(w) = -48*w**3 + 7*w**2 + 9*w + 3. Let b be g(-1). What is the greatest common divisor of 77 and b?
7
Suppose -971 - 109 = -l. Suppose l = -0*a + 4*a. Let w be (-65056)/(-2166) - 38/1083. Calculate the greatest common factor of w and a.
30
Suppose 4*z - 70 = 2*z. Let o be ((-10)/2)/((-2)/12). Let c = -25 + o. What is the greatest common divisor of c and z?
5
Let l = -39 + 89. Let c(f) = -f**3 - f**2 + f + 1. Let x be c(0). Let w be (3 - x)*(-2 + 7). What is the greatest common factor of w and l?
10
Let r(a) = -8*a - 197. Let m be r(-28). What is the highest common factor of 369 and m?
9
Let l = 5 + -2. Let w(q) = q**3 - 8*q**2 + 9*q - 8. Let b be w(7). Let r be ((-3)/b)/(l/(-114)). What is the greatest common factor of 114 and r?
19
Let t = 14 + -10. Let y be 152/32 + 6/(-8). Suppose 4*z - 2*h = 0, -24 = -6*z + 2*z - y*h. Calculate the greatest common factor of t and z.
2
Let i be (3 - 3) + (4 - 0). Let c be (-82)/1*i/8. Let w = c - -63. What is the highest common factor of 2 and w?
2
Suppose 2*c + 1683 = 11*c. Suppose -2*j = -c + 141. What is the highest common divisor of 184 and j?
23
Let m = 71 + -53. Let u be (8/6)/(1/m). Let l(a) = 23*a**3 + 2*a**2 - a. Let t be l(1). What is the greatest common divisor of u and t?
24
Let u(a) = a + 8. Let w be u(6). Let m(k) = 8*k**2 - 33*k + 11*k**2 + 5 - 8*k**2 + 35*k. Let j be m(-3). What is the greatest common factor of w and j?
14
Let t = -11 - -6. Let p(v) be the second derivative of -v**4/12 - 2*v**3 - 3*v**2 + 115*v. Let r be p(t). What is the greatest common factor of r and 29?
29
Let r be (-3 - (-27)/6)*(-464)/(-12). Suppose 2*u - 3*t + 30 = 4*u, 3*u - r = 2*t. Suppose 3*n = 6*n - 6. What is the highest common factor of n and u?
2
Let i = -1216 + 1564. Calculate the highest common divisor of 36 and i.
12
Let y be (-1 - (-33)/6)*-2. Let j = y + 13. Suppose -7*g = -2*x - 3*g + 56, 4*g = -j*x + 52. Calculate the highest common factor of 198 and x.
18
Let r(i) = -66*i + 16. Let l be r(-4). What is the highest common divisor of l and 21?
7
Suppose 5*y = 15*y - 320. What is the greatest common divisor of y and 24?
8
Let g = 370 - 325. What is the greatest common divisor of g and 18?
9
Let j = 53 - 46. Let p(c) = 13*c + 2. Let i be p(5). Suppose -4*g + i = -129. Calculate the highest common divisor of j and g.
7
Suppose 2*j = -10, 3 = -p - 7*j + 4*j. Suppose -q + p = -0*q. Calculate the greatest common factor of q and 9.
3
Let x = 0 - -6. Suppose 0 = 17*m - 12*m. Suppose m = 2*d - 10, -2*c + 4*c + d = 7. What is the greatest common divisor of c and x?
1
Let n be (-162)/((-13)/(-52) + 58/(-168)). Calculate the greatest common factor of n and 63.
63
Let a(j) = -j**2 + 35*j + 654. Let w be a(44). What is the greatest common divisor of w and 15?
3
Let p be 8/2*(12 - 1). Suppose a - p = 5*a. Let n = -9 - a. What is the greatest common factor of n and 8?
2
Let g = -282 + 308. Calculate the greatest common divisor of g and 325.
13
Suppose 36*n - 1156 = 34*n. Calculate the highest common divisor of 34 and n.
34
Let v(i) = 2*i**2 - 25*i - 31. Let d be v(16). Calculate the greatest common factor of 27 and d.
27
Let n(s) = s**3 + s**2 - 3*s + 2. Let t be n(-2). What is the greatest common factor of 172 and t?
4
Suppose -2*s = -3*s + 7. Calculate the greatest common factor of s and 112.
7
Let d be 8/(-3)*(-6)/4. Suppose -5*c + 4*l - 508 = -6*c, 0 = d*l - 8. Let m = c + -325. What is the highest common divisor of m and 25?
25
Suppose -3*z = 2455 - 3373. What is the highest common divisor of z and 238?
34
Let d = 31 + -24. Let o = d + 1. Let j = 2 - 0. Calculate the highest common divisor of o and j.
2
Let q be -2 + 3 + (-10 - -16 - -191). What is the highest common divisor of q and 55?
11
Let y be -1*(-1)/((-1)/(-4)). Let f be 8/(-14) - 3456/(-168). Calculate the highest common divisor of y and f.
4
Let y(